{"id":82,"date":"2023-04-17T14:28:26","date_gmt":"2023-04-17T12:28:26","guid":{"rendered":"https:\/\/ostojauroczysko.com\/?page_id=82"},"modified":"2023-04-18T13:28:59","modified_gmt":"2023-04-18T11:28:59","slug":"ostoja-uroczysko-gospodarstwo-agroturystyczne","status":"publish","type":"page","link":"https:\/\/ostojauroczysko.com\/","title":{"rendered":"Witajcie w Dolinie Baryczy"},"content":{"rendered":"\n<p>Serdecznie zapraszamy do obejrzenia kr\u00f3tkiego filmu, stworzonego przez jednego z naszych go\u015bci<\/p>\n\n\n\n<figure class=\"wp-block-embed is-type-video is-provider-youtube wp-block-embed-youtube wp-embed-aspect-16-9 wp-has-aspect-ratio\"><div class=\"wp-block-embed__wrapper\">\n<div class=\"nv-iframe-embed\"><iframe loading=\"lazy\" title=\"Dolina Baryczy - Agroturystyka Ostoja-Uroczysko\" width=\"1200\" height=\"675\" src=\"https:\/\/www.youtube.com\/embed\/i8sdA_cmn_Y?start=7&#038;feature=oembed\" frameborder=\"0\" allow=\"accelerometer; autoplay; clipboard-write; encrypted-media; gyroscope; picture-in-picture; web-share\" allowfullscreen><\/iframe><\/div>\n<\/div><\/figure>\n","protected":false},"excerpt":{"rendered":"<p>Serdecznie zapraszamy do obejrzenia kr\u00f3tkiego filmu, stworzonego przez jednego z naszych go\u015bci<\/p>\n","protected":false},"author":1,"featured_media":0,"parent":0,"menu_order":0,"comment_status":"closed","ping_status":"closed","template":"","meta":{"neve_meta_sidebar":"","neve_meta_container":"","neve_meta_enable_content_width":"","neve_meta_content_width":0,"neve_meta_title_alignment":"","neve_meta_author_avatar":"","neve_post_elements_order":"","neve_meta_disable_header":"","neve_meta_disable_footer":"on","neve_meta_disable_title":"","ngg_post_thumbnail":0,"footnotes":""},"class_list":["post-82","page","type-page","status-publish","hentry"],"yoast_head":"<!-- This site is optimized with the Yoast SEO plugin v25.6 - https:\/\/yoast.com\/wordpress\/plugins\/seo\/ -->\n<title>Witajcie w Dolinie Baryczy -<\/title>\n<meta name=\"description\" content=\"Ostoja Uroczysko - Gospodarstwo Agroturystyczne - Wypocznij na \u0142onie natury w i ciesz si\u0119 spokojem i cisz\u0105 z dala od miejskiego zgie\u0142ku\" \/>\n<meta name=\"robots\" content=\"index, follow, max-snippet:-1, max-image-preview:large, max-video-preview:-1\" \/>\n<link rel=\"canonical\" href=\"https:\/\/ostojauroczysko.com\/\" \/>\n<meta property=\"og:locale\" content=\"en_US\" \/>\n<meta property=\"og:type\" content=\"article\" \/>\n<meta property=\"og:title\" content=\"Witajcie w Dolinie Baryczy -\" \/>\n<meta property=\"og:description\" content=\"Ostoja Uroczysko - Gospodarstwo Agroturystyczne - Wypocznij na \u0142onie natury w i ciesz si\u0119 spokojem i cisz\u0105 z dala od miejskiego zgie\u0142ku\" \/>\n<meta property=\"og:url\" content=\"https:\/\/ostojauroczysko.com\/\" \/>\n<meta property=\"article:publisher\" content=\"https:\/\/www.facebook.com\/ostojauroczysko\" \/>\n<meta property=\"article:modified_time\" content=\"2023-04-18T11:28:59+00:00\" \/>\n<meta name=\"twitter:card\" content=\"summary_large_image\" \/>\n<meta name=\"twitter:label1\" content=\"Est. reading time\" \/>\n\t<meta name=\"twitter:data1\" content=\"1 minute\" \/>\n<script type=\"application\/ld+json\" class=\"yoast-schema-graph\">{\"@context\":\"https:\/\/schema.org\",\"@graph\":[{\"@type\":\"WebPage\",\"@id\":\"https:\/\/ostojauroczysko.com\/\",\"url\":\"https:\/\/ostojauroczysko.com\/\",\"name\":\"Witajcie w Dolinie Baryczy -\",\"isPartOf\":{\"@id\":\"https:\/\/ostojauroczysko.com\/#website\"},\"datePublished\":\"2023-04-17T12:28:26+00:00\",\"dateModified\":\"2023-04-18T11:28:59+00:00\",\"description\":\"Ostoja Uroczysko - Gospodarstwo Agroturystyczne - Wypocznij na \u0142onie natury w i ciesz si\u0119 spokojem i cisz\u0105 z dala od miejskiego zgie\u0142ku\",\"breadcrumb\":{\"@id\":\"https:\/\/ostojauroczysko.com\/#breadcrumb\"},\"inLanguage\":\"en-US\",\"potentialAction\":[{\"@type\":\"ReadAction\",\"target\":[\"https:\/\/ostojauroczysko.com\/\"]}]},{\"@type\":\"BreadcrumbList\",\"@id\":\"https:\/\/ostojauroczysko.com\/#breadcrumb\",\"itemListElement\":[{\"@type\":\"ListItem\",\"position\":1,\"name\":\"Strona g\u0142\u00f3wna\",\"item\":\"https:\/\/ostojauroczysko.com\/\"},{\"@type\":\"ListItem\",\"position\":2,\"name\":\"Witajcie w Dolinie Baryczy\"}]},{\"@type\":\"WebSite\",\"@id\":\"https:\/\/ostojauroczysko.com\/#website\",\"url\":\"https:\/\/ostojauroczysko.com\/\",\"name\":\"Ostoja Uroczysko\",\"description\":\"Spok\u00f3j i natura\",\"publisher\":{\"@id\":\"https:\/\/ostojauroczysko.com\/#organization\"},\"potentialAction\":[{\"@type\":\"SearchAction\",\"target\":{\"@type\":\"EntryPoint\",\"urlTemplate\":\"https:\/\/ostojauroczysko.com\/?s={search_term_string}\"},\"query-input\":{\"@type\":\"PropertyValueSpecification\",\"valueRequired\":true,\"valueName\":\"search_term_string\"}}],\"inLanguage\":\"en-US\"},{\"@type\":\"Organization\",\"@id\":\"https:\/\/ostojauroczysko.com\/#organization\",\"name\":\"Ostoja Uroczysko\",\"url\":\"https:\/\/ostojauroczysko.com\/\",\"logo\":{\"@type\":\"ImageObject\",\"inLanguage\":\"en-US\",\"@id\":\"https:\/\/ostojauroczysko.com\/#\/schema\/logo\/image\/\",\"url\":\"https:\/\/ostojauroczysko.com\/wp-content\/uploads\/2023\/04\/Ostoja-uroczysko1.png\",\"contentUrl\":\"https:\/\/ostojauroczysko.com\/wp-content\/uploads\/2023\/04\/Ostoja-uroczysko1.png\",\"width\":1313,\"height\":1313,\"caption\":\"Ostoja Uroczysko\"},\"image\":{\"@id\":\"https:\/\/ostojauroczysko.com\/#\/schema\/logo\/image\/\"},\"sameAs\":[\"https:\/\/www.facebook.com\/ostojauroczysko\"]}]}<\/script>\n<!-- \/ Yoast SEO plugin. -->","yoast_head_json":{"title":"Witajcie w Dolinie Baryczy -","description":"Ostoja Uroczysko - Gospodarstwo Agroturystyczne - Wypocznij na \u0142onie natury w i ciesz si\u0119 spokojem i cisz\u0105 z dala od miejskiego zgie\u0142ku","robots":{"index":"index","follow":"follow","max-snippet":"max-snippet:-1","max-image-preview":"max-image-preview:large","max-video-preview":"max-video-preview:-1"},"canonical":"https:\/\/ostojauroczysko.com\/","og_locale":"en_US","og_type":"article","og_title":"Witajcie w Dolinie Baryczy -","og_description":"Ostoja Uroczysko - Gospodarstwo Agroturystyczne - Wypocznij na \u0142onie natury w i ciesz si\u0119 spokojem i cisz\u0105 z dala od miejskiego zgie\u0142ku","og_url":"https:\/\/ostojauroczysko.com\/","article_publisher":"https:\/\/www.facebook.com\/ostojauroczysko","article_modified_time":"2023-04-18T11:28:59+00:00","twitter_card":"summary_large_image","twitter_misc":{"Est. reading time":"1 minute"},"schema":{"@context":"https:\/\/schema.org","@graph":[{"@type":"WebPage","@id":"https:\/\/ostojauroczysko.com\/","url":"https:\/\/ostojauroczysko.com\/","name":"Witajcie w Dolinie Baryczy -","isPartOf":{"@id":"https:\/\/ostojauroczysko.com\/#website"},"datePublished":"2023-04-17T12:28:26+00:00","dateModified":"2023-04-18T11:28:59+00:00","description":"Ostoja Uroczysko - Gospodarstwo Agroturystyczne - Wypocznij na \u0142onie natury w i ciesz si\u0119 spokojem i cisz\u0105 z dala od miejskiego zgie\u0142ku","breadcrumb":{"@id":"https:\/\/ostojauroczysko.com\/#breadcrumb"},"inLanguage":"en-US","potentialAction":[{"@type":"ReadAction","target":["https:\/\/ostojauroczysko.com\/"]}]},{"@type":"BreadcrumbList","@id":"https:\/\/ostojauroczysko.com\/#breadcrumb","itemListElement":[{"@type":"ListItem","position":1,"name":"Strona g\u0142\u00f3wna","item":"https:\/\/ostojauroczysko.com\/"},{"@type":"ListItem","position":2,"name":"Witajcie w Dolinie Baryczy"}]},{"@type":"WebSite","@id":"https:\/\/ostojauroczysko.com\/#website","url":"https:\/\/ostojauroczysko.com\/","name":"Ostoja Uroczysko","description":"Spok\u00f3j i natura","publisher":{"@id":"https:\/\/ostojauroczysko.com\/#organization"},"potentialAction":[{"@type":"SearchAction","target":{"@type":"EntryPoint","urlTemplate":"https:\/\/ostojauroczysko.com\/?s={search_term_string}"},"query-input":{"@type":"PropertyValueSpecification","valueRequired":true,"valueName":"search_term_string"}}],"inLanguage":"en-US"},{"@type":"Organization","@id":"https:\/\/ostojauroczysko.com\/#organization","name":"Ostoja Uroczysko","url":"https:\/\/ostojauroczysko.com\/","logo":{"@type":"ImageObject","inLanguage":"en-US","@id":"https:\/\/ostojauroczysko.com\/#\/schema\/logo\/image\/","url":"https:\/\/ostojauroczysko.com\/wp-content\/uploads\/2023\/04\/Ostoja-uroczysko1.png","contentUrl":"https:\/\/ostojauroczysko.com\/wp-content\/uploads\/2023\/04\/Ostoja-uroczysko1.png","width":1313,"height":1313,"caption":"Ostoja Uroczysko"},"image":{"@id":"https:\/\/ostojauroczysko.com\/#\/schema\/logo\/image\/"},"sameAs":["https:\/\/www.facebook.com\/ostojauroczysko"]}]}},"_links":{"self":[{"href":"https:\/\/ostojauroczysko.com\/index.php\/wp-json\/wp\/v2\/pages\/82"}],"collection":[{"href":"https:\/\/ostojauroczysko.com\/index.php\/wp-json\/wp\/v2\/pages"}],"about":[{"href":"https:\/\/ostojauroczysko.com\/index.php\/wp-json\/wp\/v2\/types\/page"}],"author":[{"embeddable":true,"href":"https:\/\/ostojauroczysko.com\/index.php\/wp-json\/wp\/v2\/users\/1"}],"replies":[{"embeddable":true,"href":"https:\/\/ostojauroczysko.com\/index.php\/wp-json\/wp\/v2\/comments?post=82"}],"version-history":[{"count":1,"href":"https:\/\/ostojauroczysko.com\/index.php\/wp-json\/wp\/v2\/pages\/82\/revisions"}],"predecessor-version":[{"id":83,"href":"https:\/\/ostojauroczysko.com\/index.php\/wp-json\/wp\/v2\/pages\/82\/revisions\/83"}],"wp:attachment":[{"href":"https:\/\/ostojauroczysko.com\/index.php\/wp-json\/wp\/v2\/media?parent=82"}],"curies":[{"name":"wp","href":"https:\/\/api.w.org\/{rel}","templated":true}]}}